 (9/4)/(6/(-24)). Calculate n(t).
7
Let s(n) = 2 + 4 + n + 3 + 3. Give s(-5).
7
Let k = 2 + 0. Let f(w) = 2*w - 1. Let n(m) = 5*m - 3. Let x(z) = -6*f(z) + 2*n(z). Determine x(k).
-4
Let a(n) = n**3 - n**2 + 4. Let d = -1 - 5. Let c = d - -8. Suppose c*q = -q. Determine a(q).
4
Let h(a) be the second derivative of a**4/12 - a**3/2 + a**2/2 - a. Suppose 0 = -s + 2 - 4. Let r be (-2)/(-6)*6 - s. Determine h(r).
5
Suppose -5*v = 4*o + 15, 0*v + 6 = -2*v - o. Let i(b) = b**2 - 2*b + 2. Let g(k) = k. Let a(j) = 5*g(j) + i(j). What is a(v)?
2
Let t(x) = -4*x**2 - 4*x - 9. Suppose 0 = -2*h + 1 - 11. Let g(y) = 7*y**2 + 9*y + 17. Let l(z) = h*t(z) - 3*g(z). Determine l(-4).
6
Suppose k = -k - 4. Let h(c) be the first derivative of -1/2*c**2 + 0*c**3 - c - 1 + 1/4*c**4. Determine h(k).
-7
Let k(n) be the second derivative of n**5/20 - n**4/12 - n**3/6 - n. Let j(a) = -a + 6. Let v = 13 + -9. Let m be j(v). Give k(m).
2
Let u(a) = 2*a - 2*a + 3 - 2*a. Suppose -d + 0*s + 1 = 4*s, 5*s - 5 = 0. Determine u(d).
9
Let y(h) = -2*h**3 + 3*h**3 + 3*h**2 - 4*h - 5*h**2 + 2 - 3*h**2. Calculate y(6).
14
Let y(h) = h - 1. Let w be y(6). Let t(f) = -f**3 + 9*f**2 + 10*f - 1. Let v(z) = z**3 - 8*z**2 - 9*z. Let m(b) = 4*t(b) + 5*v(b). Determine m(w).
-4
Suppose i + 3 - 7 = 0. Let v(h) = h. Calculate v(i).
4
Let n(j) be the third derivative of 3*j**6/40 - j**5/60 + j**3/6 - 14*j**2. Determine n(-1).
-9
Let t(c) = 0*c**2 + c**2 + 47*c + 2 - 50*c. What is t(3)?
2
Let m(q) = q. Let l be (-40)/(-24) - 2/3. Give m(l).
1
Let w(l) = -1 + 3 - l + 0 + 7*l. Let z(f) = -f + 9. Let c be z(5). Suppose -c*a = 3*v - 1, -2*a - 20 = 2*a - 4*v. What is w(a)?
-10
Let t(h) = -h + 8. Suppose -5*s + 2*s = 21. Let v = -3 - s. Give t(v).
4
Let k(s) = -s - 4. Let p(h) = h + 5. Let t(a) = 4*k(a) + 3*p(a). Calculate t(-3).
2
Let k(n) = n - 6. Let h be k(9). Let w(s) be the second derivative of -1/6*s**h + 0 + 2*s + 0*s**2. Give w(1).
-1
Let q(a) = -a - 17. Let i be q(-21). Let t(j) = -j**3 + 6*j**2 - 5*j - 1. Calculate t(i).
11
Let w be -11 + 2*(-3)/(-6). Suppose -5*b + 28 = -5*q - b, -3*b + 14 = -2*q. Let h = q - w. Let l(s) = s - 7. Calculate l(h).
-1
Let a(y) = y - 1. Let p be ((-7)/(-7))/(2/10). Give a(p).
4
Suppose -2*f - 9 = f. Let g(v) = v**2 + v - 1. Calculate g(f).
5
Let g(w) = -w**3 + w**2 - 4. Let r be g(0). Let c be (-5)/3 - r/(-12). Let j(l) = 3*l**3 - 4*l**3 - 2*l**2 + l**2. What is j(c)?
4
Let a be 1/(-3) + (-5)/3. Let s be 2*(3 + a)*2. Let f(t) = -t + 3. Let j(b) = b - 4. Let o(z) = 3*f(z) + 2*j(z). Give o(s).
-3
Let h = 20 - 13. Let m(a) = 2*a - 8. What is m(h)?
6
Suppose 8*j - 10*j - 8 = 0. Let n(r) be the third derivative of -r**6/120 - r**5/20 + r**4/6 - 5*r**3/6 - 5*r**2. Determine n(j).
-5
Let z be (-4 - -2)/((-5)/(-15)). Let u(r) = r**3 + 5*r**2 - 6*r - 4. What is u(z)?
-4
Let z be ((-3)/(-5))/((-2)/(-10)). Let t(m) = -4*m**2 + 0*m**3 + m**3 - 3*m + z*m + 3*m + 2. Let r(u) = u**2 + 6*u - 4. Let v be r(-7). Give t(v).
2
Let c(l) = -6*l + l**2 - 6*l**2 + 39 - l**3 - 2*l**2 - 37. Calculate c(-6).
2
Let j = 46 - 22. Let u = 19 - j. Let f(p) = -2*p + 1. What is f(u)?
11
Suppose -5*l = r - 18, -9 + 33 = 5*r + 3*l. Suppose 5*g - r*q = -17, -3*q + 0*q = -12. Let z(a) be the second derivative of -a**3/6 + 6*a. What is z(g)?
1
Let k(x) = -6*x**3 - x**2 - 3*x + 1. Let m(p) = -11*p**3 - p**2 - 6*p + 2. Let r(g) = -7*k(g) + 4*m(g). Let t(s) = -s**2 + 4*s - 2. Let y be t(2). What is r(y)?
-9
Let q(t) be the first derivative of -t**4/4 + t**3 - 3*t**2/2 + 2*t - 3. Let l be q(2). Let z(j) = j**3 + j**2 - j + 5. Calculate z(l).
5
Suppose -2*v + 10 = -0*v. Suppose 0*s + v = 5*s. Let i(f) = 5*f - 6*f - s - 2*f. Give i(-4).
11
Let q be 4/(1/(2/4)). Suppose 9 = -5*c + q*c. Let g(f) be the third derivative of f**6/120 + f**5/20 - f**3/2 + 4*f**2. Calculate g(c).
-3
Let c be 8/6*3/2. Suppose 0 = -f - 0*f + c. Let l be 0/(1 + 2/f). Let m(x) = x - 3. Give m(l).
-3
Let v be 2 - (-1)/(2/4). Suppose -20 = -s - v*s. Suppose -s*c = 3*n - c + 9, 16 = -4*c. Let z(f) = 9*f - 1. What is z(n)?
8
Let u(y) be the second derivative of -9*y**5/20 - y**3/6 + y**2/2 - 7*y. Suppose -i + 4*i = 2*t + 5, 0 = -5*i + 3*t + 8. Determine u(i).
-9
Let k be 2/(-4) - (-9)/6. Let i(r) = -4*r**2 - 1 + 2*r**2 - 2*r**2. Calculate i(k).
-5
Let r(p) = -5*p**3 - p. Let x(z) = -2*z + 3. Let a(t) = 2*t - 3. Let j(h) = -4*a(h) - 5*x(h). Suppose -2*k = -1 - 3. Let q be j(k). Give r(q).
-6
Let g(u) = 2*u - 8. Suppose 0 = -f - 2 + 9. Calculate g(f).
6
Let n(g) = -5*g - 3. Let h be (9/27)/(2/6). Let v be h + 2 + 0 + -5. Determine n(v).
7
Let k(p) be the third derivative of -5*p**4/24 + p**3/3 + 4*p**2. Calculate k(4).
-18
Suppose 8 = 4*s - a - 4, 3*s + 5*a - 9 = 0. Let c(n) = 5 + n + 0 - s - 3. What is c(5)?
4
Let d(v) = -v - v**3 + 0*v**3 + 8*v**2 + 3 + 0 - 5*v**2. What is d(4)?
-17
Let g(z) = -z + 2. Suppose 3*v + 153 = -5*j + v, -2*j = -v + 54. Let a = j - -45. Suppose -i = -5*x - a, 3 = 2*x + 5*i + 4. Calculate g(x).
5
Let f be -7 + 1 + 2 + 4. Let q(w) = w**2 + w + 14. What is q(f)?
14
Let r(x) = 3*x + 1 + 1 - 3*x**2 - 2. What is r(2)?
-6
Let h(z) = 2*z**2 - z - 4. Let q be 98/34 + (-12)/(-102). Calculate h(q).
11
Let y(g) = 10*g - 19*g - 6 + 3*g. Give y(-4).
18
Suppose -s = 2*s + 12. Let g(h) be the first derivative of -h**2 - 6*h - 1. Determine g(s).
2
Let n(s) = -3*s + 5. Let l be n(7). Let w be 2/(-6) - l/3. Let h(f) = -5*f - 7. Let c(u) = -u. Let p(k) = -6*c(k) + h(k). Calculate p(w).
-2
Let m(k) = k**3 - 4*k**2 + 5. Let u(a) = -a**3 - 3*a**2 + 1. Let p be u(-1). Let d = 5 + p. Give m(d).
5
Let y(i) = -i**3 - 13*i**2 - 14*i - 2. Let m(q) = q**3 + 14*q**2 + 15*q + 1. Let j(o) = 5*m(o) + 6*y(o). Determine j(-7).
7
Let m(k) = 17*k**2 + 11*k - 9. Let b(y) = 9*y**2 + 6*y - 5. Let r(h) = 11*b(h) - 6*m(h). Calculate r(-1).
-4
Let s(q) = q**2 + 4*q + 2. Let n(k) = -k**2 + 12*k - 11. Let f be n(11). Suppose f*t + 2*t + 10 = 0. Determine s(t).
7
Let r(h) be the third derivative of -h**6/120 + 2*h**5/15 + 3*h**4/8 + 5*h**3/6 - 24*h**2. Determine r(9).
5
Let c(m) be the third derivative of -m**4/24 + m**3/3 + 3*m**2. Suppose -2*x - i - 4 = -3, 4*i + 12 = 0. Determine c(x).
1
Let z(p) = p**2 - 7*p + 5. Let l = -3 + 5. Suppose -l*s + 4*s = -108. Let a be s/(-10) - 6/15. Give z(a).
-5
Let l(d) = 6*d**3 - d**2. Suppose -k + 0 = -4*m + 3, 0 = 4*k - m + 12. Let j be -4 + 4 + (-2 - k). Determine l(j).
5
Let z be 1 + -2 - (-3 + 1). Suppose 15 = a - 5*f, -a + z - 2 = -f. Let g(j) = 2*j - j**3 - 10*j**2 + 7 + 0*j**2 + 6*j + 6*j**2. Calculate g(a).
-8
Let p(h) = h**3 - 5*h**2 - 5*h. Let f(o) = 3*o**3 - 10*o**2 - 10*o - 1. Let a(w) = 2*f(w) - 5*p(w). Calculate a(-4).
-6
Let w(m) = m**3 - 14*m**2 + 14*m - 11. Let h be w(13). Let j(i) = 7*i - h*i - 3*i. Suppose -5*z - 5*y = 30, 3*z + 4*y - 3 + 23 = 0. What is j(z)?
-8
Suppose 2*n + 3*t = 4*t - 13, 0 = 3*t - 15. Let w(d) = 5*d - 5. Let f(a) = 1 + 4 - 2 - 2. Let v(j) = n*f(j) - w(j). Give v(1).
-4
Let l(t) = t**3 - 4*t**2 + 3*t. Let m be (-8)/(-10)*-1*-5. Let r(o) be the first derivative of -o**4/4 + 4*o**3/3 + 2*o - 2. Let y be r(m). Determine l(y).
-2
Let f(i) = i**3 - 5*i**2 - 4*i - 1. Let h(d) = 7*d - 22. Let a be h(4). What is f(a)?
11
Let l(m) = -m**2 + 3*m + 2. Suppose -2*r = -d - 4 - 6, 0 = r - 2*d - 11. Determine l(r).
2
Let x(y) = 2*y**3 - 4*y**2 - 2*y. Let q be x(2). Let w(m) be the first derivative of m**4/4 + m**3 - 2*m**2 - 2*m - 1. Determine w(q).
-2
Let k(z) be the third derivative of -z**6/360 + z**5/20 + 7*z**4/24 + 4*z**3/3 + 5*z**2. Let u(n) be the first derivative of k(n). Determine u(6).
7
Let o(s) = 3*s - 5. Let r(a) = a**3 - 2*a**2 - 2*a. Let c be r(3). Suppose -u = -4*p + 20, 5*p = u - c*u + 12. Calculate o(p).
7
Let i(r) be the first derivative of r**6/360 - 7*r**5/120 + 7*r**4/24 + 5*r**3/3 + 5. Let h(c) be the third derivative of i(c). Determine h(6).
1
Let f be (36/2)/(-3) - -7. Let m(c) = c**2 - c + 0*c**2 + 2*c**3 - 9*c**3. Calculate m(f).
-7
Let c(l) = l**3 + 5*l**2 - 7*l - 3. Let i be c(-6). Let r = 36 - 30. Let a(p) = 0 - 5*p - p**i - 3 + r - 5 - 6*p**2. Give a(-5).
-2
Let g(r) be the third derivative of r**4/12 + r**3 + 32*r**2. Determine g(-5).
-4
Let i(r) = -3*r - 1 - 5*r**2 + 3*r**2 + r**2 + 5. Let w(m) = m**3 + 4*m**2 - 3*m + 7. Let z be w(-5). Determine i(z).
4